[INFO] cloning repository https://github.com/r2jitu/miniclap
[INFO] running `Command { std: "git" "-c" "credential.helper=" "-c" "credential.helper=/workspace/cargo-home/bin/git-credential-null" "clone" "--bare" "https://github.com/r2jitu/miniclap" "/workspace/cache/git-repos/https%3A%2F%2Fgithub.com%2Fr2jitu%2Fminiclap", kill_on_drop: false }`
[INFO] [stderr] Cloning into bare repository '/workspace/cache/git-repos/https%3A%2F%2Fgithub.com%2Fr2jitu%2Fminiclap'...
[INFO] running `Command { std: "git" "rev-parse" "HEAD", kill_on_drop: false }`
[INFO] [stdout] 4603ea7bef0c469cc155156c94f496eade5ac147
[INFO] building r2jitu/miniclap against master#ff34b919075f35a1787659e9c448a34b06bab8de for issue-85264
[INFO] running `Command { std: "git" "clone" "/workspace/cache/git-repos/https%3A%2F%2Fgithub.com%2Fr2jitu%2Fminiclap" "/workspace/builds/worker-4/source", kill_on_drop: false }`
[INFO] [stderr] Cloning into '/workspace/builds/worker-4/source'...
[INFO] [stderr] done.
[INFO] validating manifest of git repo https://github.com/r2jitu/miniclap on toolchain ff34b919075f35a1787659e9c448a34b06bab8de
[INFO] running `Command { std: "/workspace/cargo-home/bin/cargo" "+ff34b919075f35a1787659e9c448a34b06bab8de" "metadata" "--manifest-path" "Cargo.toml" "--no-deps", kill_on_drop: false }`
[INFO] started tweaking git repo https://github.com/r2jitu/miniclap
[INFO] finished tweaking git repo https://github.com/r2jitu/miniclap
[INFO] tweaked toml for git repo https://github.com/r2jitu/miniclap written to /workspace/builds/worker-4/source/Cargo.toml
[INFO] crate git repo https://github.com/r2jitu/miniclap already has a lockfile, it will not be regenerated
[INFO] running `Command { std: "/workspace/cargo-home/bin/cargo" "+ff34b919075f35a1787659e9c448a34b06bab8de" "fetch" "--manifest-path" "Cargo.toml", kill_on_drop: false }`
[INFO] running `Command { std: "docker" "create" "-v" "/var/lib/crater-agent-workspace/builds/worker-4/target:/opt/rustwide/target:rw,Z" "-v" "/var/lib/crater-agent-workspace/builds/worker-4/source:/opt/rustwide/workdir:ro,Z" "-v" "/var/lib/crater-agent-workspace/cargo-home:/opt/rustwide/cargo-home:ro,Z" "-v" "/var/lib/crater-agent-workspace/rustup-home:/opt/rustwide/rustup-home:ro,Z" "-e" "SOURCE_DIR=/opt/rustwide/workdir" "-e" "CARGO_TARGET_DIR=/opt/rustwide/target" "-e" "CARGO_HOME=/opt/rustwide/cargo-home" "-e" "RUSTUP_HOME=/opt/rustwide/rustup-home" "-w" "/opt/rustwide/workdir" "-m" "1610612736" "--user" "0:0" "--network" "none" "ghcr.io/rust-lang/crates-build-env/linux@sha256:20528e8c29e4536546f0102ce88568b16ea7538393a33fcca951030f7af10457" "/opt/rustwide/cargo-home/bin/cargo" "+ff34b919075f35a1787659e9c448a34b06bab8de" "metadata" "--no-deps" "--format-version=1", kill_on_drop: false }`
[INFO] [stdout] 1d8d24375809b479f302746293899dd5c75a043f4870fefc24468c086f69c013
[INFO] [stderr] WARNING: Your kernel does not support swap limit capabilities or the cgroup is not mounted. Memory limited without swap.
[INFO] running `Command { std: "docker" "start" "-a" "1d8d24375809b479f302746293899dd5c75a043f4870fefc24468c086f69c013", kill_on_drop: false }`
[INFO] running `Command { std: "docker" "inspect" "1d8d24375809b479f302746293899dd5c75a043f4870fefc24468c086f69c013", kill_on_drop: false }`
[INFO] running `Command { std: "docker" "rm" "-f" "1d8d24375809b479f302746293899dd5c75a043f4870fefc24468c086f69c013", kill_on_drop: false }`
[INFO] [stdout] 1d8d24375809b479f302746293899dd5c75a043f4870fefc24468c086f69c013
[INFO] running `Command { std: "docker" "create" "-v" "/var/lib/crater-agent-workspace/builds/worker-4/target:/opt/rustwide/target:rw,Z" "-v" "/var/lib/crater-agent-workspace/builds/worker-4/source:/opt/rustwide/workdir:ro,Z" "-v" "/var/lib/crater-agent-workspace/cargo-home:/opt/rustwide/cargo-home:ro,Z" "-v" "/var/lib/crater-agent-workspace/rustup-home:/opt/rustwide/rustup-home:ro,Z" "-e" "SOURCE_DIR=/opt/rustwide/workdir" "-e" "CARGO_TARGET_DIR=/opt/rustwide/target" "-e" "CARGO_INCREMENTAL=0" "-e" "RUST_BACKTRACE=full" "-e" "RUSTFLAGS=--cap-lints=forbid" "-e" "CARGO_HOME=/opt/rustwide/cargo-home" "-e" "RUSTUP_HOME=/opt/rustwide/rustup-home" "-w" "/opt/rustwide/workdir" "-m" "1610612736" "--user" "0:0" "--network" "none" "ghcr.io/rust-lang/crates-build-env/linux@sha256:20528e8c29e4536546f0102ce88568b16ea7538393a33fcca951030f7af10457" "/opt/rustwide/cargo-home/bin/cargo" "+ff34b919075f35a1787659e9c448a34b06bab8de" "build" "--frozen" "--message-format=json", kill_on_drop: false }`
[INFO] [stdout] d6dedf502232ced76dd9fdae0c14c426c10d3f55c13997caad0418c37c6fc07f
[INFO] [stderr] WARNING: Your kernel does not support swap limit capabilities or the cgroup is not mounted. Memory limited without swap.
[INFO] running `Command { std: "docker" "start" "-a" "d6dedf502232ced76dd9fdae0c14c426c10d3f55c13997caad0418c37c6fc07f", kill_on_drop: false }`
[INFO] [stderr]    Compiling proc-macro2 v1.0.12
[INFO] [stderr]    Compiling unicode-xid v0.2.0
[INFO] [stderr]    Compiling version_check v0.9.1
[INFO] [stderr]    Compiling syn v1.0.21
[INFO] [stderr]    Compiling proc-macro-error-attr v1.0.2
[INFO] [stderr]    Compiling proc-macro-error v1.0.2
[INFO] [stderr]    Compiling quote v1.0.5
[INFO] [stderr]    Compiling syn-mid v0.5.0
[INFO] [stderr]    Compiling miniclap_derive v0.1.0 (/opt/rustwide/workdir/miniclap_derive)
[INFO] [stderr]    Compiling miniclap v0.1.0 (/opt/rustwide/workdir)
[INFO] [stderr]     Finished dev [unoptimized + debuginfo] target(s) in 11.51s
[INFO] running `Command { std: "docker" "inspect" "d6dedf502232ced76dd9fdae0c14c426c10d3f55c13997caad0418c37c6fc07f", kill_on_drop: false }`
[INFO] running `Command { std: "docker" "rm" "-f" "d6dedf502232ced76dd9fdae0c14c426c10d3f55c13997caad0418c37c6fc07f", kill_on_drop: false }`
[INFO] [stdout] d6dedf502232ced76dd9fdae0c14c426c10d3f55c13997caad0418c37c6fc07f
[INFO] running `Command { std: "docker" "create" "-v" "/var/lib/crater-agent-workspace/builds/worker-4/target:/opt/rustwide/target:rw,Z" "-v" "/var/lib/crater-agent-workspace/builds/worker-4/source:/opt/rustwide/workdir:ro,Z" "-v" "/var/lib/crater-agent-workspace/cargo-home:/opt/rustwide/cargo-home:ro,Z" "-v" "/var/lib/crater-agent-workspace/rustup-home:/opt/rustwide/rustup-home:ro,Z" "-e" "SOURCE_DIR=/opt/rustwide/workdir" "-e" "CARGO_TARGET_DIR=/opt/rustwide/target" "-e" "CARGO_INCREMENTAL=0" "-e" "RUST_BACKTRACE=full" "-e" "RUSTFLAGS=--cap-lints=forbid" "-e" "CARGO_HOME=/opt/rustwide/cargo-home" "-e" "RUSTUP_HOME=/opt/rustwide/rustup-home" "-w" "/opt/rustwide/workdir" "-m" "1610612736" "--user" "0:0" "--network" "none" "ghcr.io/rust-lang/crates-build-env/linux@sha256:20528e8c29e4536546f0102ce88568b16ea7538393a33fcca951030f7af10457" "/opt/rustwide/cargo-home/bin/cargo" "+ff34b919075f35a1787659e9c448a34b06bab8de" "test" "--frozen" "--no-run" "--message-format=json", kill_on_drop: false }`
[INFO] [stdout] e9706903ba69f8cd4846e914d7efb0bc2e17102befe16be409d549da84306e63
[INFO] [stderr] WARNING: Your kernel does not support swap limit capabilities or the cgroup is not mounted. Memory limited without swap.
[INFO] running `Command { std: "docker" "start" "-a" "e9706903ba69f8cd4846e914d7efb0bc2e17102befe16be409d549da84306e63", kill_on_drop: false }`
[INFO] [stderr]    Compiling miniclap v0.1.0 (/opt/rustwide/workdir)
[INFO] [stdout] error[E0433]: failed to resolve: use of undeclared type `FlagAssign`
[INFO] [stdout]    --> src/parse.rs:138:30
[INFO] [stdout]     |
[INFO] [stdout] 138 |                     assign: &FlagAssign::new(|| verbose += 1),
[INFO] [stdout]     |                              ^^^^^^^^^^ not found in this scope
[INFO] [stdout]     |
[INFO] [stdout] help: consider importing one of these items
[INFO] [stdout]     |
[INFO] [stdout] 123 |     use crate::FlagAssign;
[INFO] [stdout]     |
[INFO] [stdout] 123 |     use crate::assign::FlagAssign;
[INFO] [stdout]     |
[INFO] [stdout] 
[INFO] [stdout] 
[INFO] [stdout] error[E0433]: failed to resolve: use of undeclared type `ParsedAssign`
[INFO] [stdout]    --> src/parse.rs:143:30
[INFO] [stdout]     |
[INFO] [stdout] 143 |                     assign: &ParsedAssign::new(|x| option = Some(x)),
[INFO] [stdout]     |                              ^^^^^^^^^^^^ not found in this scope
[INFO] [stdout]     |
[INFO] [stdout] help: consider importing this struct
[INFO] [stdout]     |
[INFO] [stdout] 123 |     use crate::ParsedAssign;
[INFO] [stdout]     |
[INFO] [stdout] 
[INFO] [stdout] 
[INFO] [stdout] error[E0422]: cannot find struct, variant or union type `PositionalHandler` in this scope
[INFO] [stdout]    --> src/parse.rs:145:30
[INFO] [stdout]     |
[INFO] [stdout] 145 |                 positions: &[PositionalHandler {
[INFO] [stdout]     |                              ^^^^^^^^^^^^^^^^^ not found in this scope
[INFO] [stdout]     |
[INFO] [stdout] help: consider importing this struct
[INFO] [stdout]     |
[INFO] [stdout] 123 |     use crate::PositionalHandler;
[INFO] [stdout]     |
[INFO] [stdout] 
[INFO] [stdout] 
[INFO] [stdout] error[E0433]: failed to resolve: use of undeclared type `ParsedAssign`
[INFO] [stdout]    --> src/parse.rs:148:30
[INFO] [stdout]     |
[INFO] [stdout] 148 |                     assign: &ParsedAssign::new(|x| pos = Some(x)),
[INFO] [stdout]     |                              ^^^^^^^^^^^^ not found in this scope
[INFO] [stdout]     |
[INFO] [stdout] help: consider importing this struct
[INFO] [stdout]     |
[INFO] [stdout] 123 |     use crate::ParsedAssign;
[INFO] [stdout]     |
[INFO] [stdout] 
[INFO] [stdout] 
[INFO] [stdout] error: aborting due to 4 previous errors
[INFO] [stdout] 
[INFO] [stdout] 
[INFO] [stdout] Some errors have detailed explanations: E0422, E0433.
[INFO] [stdout] 
[INFO] [stdout] For more information about an error, try `rustc --explain E0422`.
[INFO] [stdout] 
[INFO] [stderr] error: could not compile `miniclap`
[INFO] [stderr] 
[INFO] [stderr] To learn more, run the command again with --verbose.
[INFO] [stderr] warning: build failed, waiting for other jobs to finish...
[INFO] [stderr] error: build failed
[INFO] running `Command { std: "docker" "inspect" "e9706903ba69f8cd4846e914d7efb0bc2e17102befe16be409d549da84306e63", kill_on_drop: false }`
[INFO] running `Command { std: "docker" "rm" "-f" "e9706903ba69f8cd4846e914d7efb0bc2e17102befe16be409d549da84306e63", kill_on_drop: false }`
[INFO] [stdout] e9706903ba69f8cd4846e914d7efb0bc2e17102befe16be409d549da84306e63
